{"id":509,"date":"2021-04-28T02:55:25","date_gmt":"2021-04-28T02:55:25","guid":{"rendered":"https:\/\/arriendopucon.cl\/?post_type=product&#038;p=509"},"modified":"2022-09-27T23:48:21","modified_gmt":"2022-09-27T23:48:21","slug":"departamento-condominio-parque-pinares","status":"publish","type":"product","link":"https:\/\/arriendopucon.cl\/?product=departamento-condominio-parque-pinares","title":{"rendered":"Departamento Condominio Parque Pinares<br><i class=\"fas fa-bed\"><\/i> 2 Dormitorios &nbsp;|&nbsp; <i class=\"fas fa-bath\"><\/i> 2 Ba\u00f1os"},"content":{"rendered":"<p><iframe loading=\"lazy\" style=\"border: 0;\" src=\"https:\/\/www.google.com\/maps\/embed?pb=!1m14!1m8!1m3!1d12353.03555030092!2d-71.9861536!3d-39.282379!3m2!1i1024!2i768!4f13.1!3m3!1m2!1s0x0%3A0x59a56866780b36e7!2sParque%20Pinares!5e0!3m2!1ses-419!2scl!4v1619580651019!5m2!1ses-419!2scl\" width=\"400\" height=\"300\" allowfullscreen=\"allowfullscreen\"><\/iframe><\/p>\n","protected":false},"excerpt":{"rendered":"<p style=\"text-align: justify;\">C\u00f3modo departamento amoblado en exclusivo condominio \u201cParque Pinares\u201d en excelente ubicaci\u00f3n a solo 800 metros del acceso a Puc\u00f3n. Cuenta con 2 dormitorios y 2 ba\u00f1os, principal en suite con acceso a terraza y segundo dormitorio con 2 camas de 1 plaza. Living y comedor unidos y con acceso a amplia terraza con vista a la Poza de Puc\u00f3n, cocina estilo americana completamente equipada, calefacci\u00f3n central. Este condominio cuenta con grandes \u00e1reas verdes, piscina, quincho, gimnasio y acceso directo a playa, espec\u00edficamente la Poza de Puc\u00f3n. Acceso controlado y seguridad las 24 hrs. Una propiedad ideal para disfrutar junto a la familia. El departamento cuenta con un estacionamiento., muy cercano a los principales atractivos de la ciudad.<\/p>\n<p><strong><i class=\"fas fa-bed\"><\/i> Dormitorios: 2<\/strong><br \/>\n<strong><i class=\"fas fa-chair\"><\/i> Living, comedor, cocina americana equipada<\/strong><br \/>\n<strong><i class=\"fas fa-bath\"><\/i> Ba\u00f1os: 2<\/strong><br \/>\n<i class=\"fab fa-hotjar\"><\/i> <strong>Calefacci\u00f3n central<\/strong><br \/>\n<strong><i class=\"fas fa-mountain\"><\/i> Amplia Terraza con vista a La Poza<\/strong><br \/>\n<strong><i class=\"fas fa-store-alt\"><\/i> Quincho<\/strong><br \/>\n<strong><i class=\"fas fa-swimming-pool\"><\/i> Piscina<\/strong><br \/>\n<strong><i class=\"fas fa-running\"><\/i> Gimnasio<\/strong><br \/>\n<strong><i class=\"fas fa-umbrella-beach\"><\/i> Acceso directo al Lago<\/strong><\/p>\n<p>Valor mensual: $700.000 &#8211; Gastos comunes $60.000 &#8211; $80.000 aprox.<br \/>\n*Contrato m\u00ednimo por 1 a\u00f1o<br \/>\nCuentas de servicios: agua, luz y gas se pagan por separado<\/p>\n<p>Comisi\u00f3n corretaje 50% del valor de 1 mes de arriendo<\/p>\n<p>*Se arrienda sin bodega<\/p>\n","protected":false},"featured_media":527,"comment_status":"open","ping_status":"closed","template":"","meta":[],"class_list":{"0":"post-509","1":"product","2":"type-product","3":"status-publish","4":"has-post-thumbnail","6":"product_cat-arriendo-ano-corrido","7":"product_cat-departamento","9":"entry","10":"has-media","12":"first","13":"outofstock","14":"shipping-taxable","15":"purchasable","16":"product-type-simple","17":"col","18":"span_1_of_4","19":"owp-content-center","20":"owp-thumbs-layout-horizontal","21":"owp-btn-normal","22":"owp-tabs-layout-horizontal"},"_links":{"self":[{"href":"https:\/\/arriendopucon.cl\/index.php?rest_route=\/wp\/v2\/product\/509","targetHints":{"allow":["GET"]}}],"collection":[{"href":"https:\/\/arriendopucon.cl\/index.php?rest_route=\/wp\/v2\/product"}],"about":[{"href":"https:\/\/arriendopucon.cl\/index.php?rest_route=\/wp\/v2\/types\/product"}],"replies":[{"embeddable":true,"href":"https:\/\/arriendopucon.cl\/index.php?rest_route=%2Fwp%2Fv2%2Fcomments&post=509"}],"wp:featuredmedia":[{"embeddable":true,"href":"https:\/\/arriendopucon.cl\/index.php?rest_route=\/wp\/v2\/media\/527"}],"wp:attachment":[{"href":"https:\/\/arriendopucon.cl\/index.php?rest_route=%2Fwp%2Fv2%2Fmedia&parent=509"}],"curies":[{"name":"wp","href":"https:\/\/api.w.org\/{rel}","templated":true}]}}