{"id":1506,"date":"2023-06-13T22:37:50","date_gmt":"2023-06-13T22:37:50","guid":{"rendered":"https:\/\/arriendopucon.cl\/?post_type=product&#038;p=1506"},"modified":"2024-10-30T20:35:49","modified_gmt":"2024-10-30T20:35:49","slug":"casa-condominio-canto-del-estero-4-dormitorios-3-banos","status":"publish","type":"product","link":"https:\/\/arriendopucon.cl\/?product=casa-condominio-canto-del-estero-4-dormitorios-3-banos","title":{"rendered":"Casa Condominio Canto del Estero<br><i class=\"fas fa-bed\"><\/i> 4 Dormitorios &nbsp;|&nbsp; <i class=\"fas fa-bath\"><\/i> 3 Ba\u00f1os"},"content":{"rendered":"<p><iframe loading=\"lazy\" style=\"border: 0;\" src=\"https:\/\/www.google.com\/maps\/embed?pb=!1m17!1m12!1m3!1d3086.935928614032!2d-72.07399792471888!3d-39.312375821163556!2m3!1f0!2f0!3f0!3m2!1i1024!2i768!4f13.1!3m2!1m1!2zMznCsDE4JzQ0LjYiUyA3MsKwMDQnMTcuMSJX!5e0!3m2!1ses-419!2scl!4v1686696371368!5m2!1ses-419!2scl\" width=\"600\" height=\"450\" allowfullscreen=\"allowfullscreen\"><\/iframe><\/p>\n","protected":false},"excerpt":{"rendered":"<p style=\"text-align: justify;\">Amplia y acogedora casa con orientaci\u00f3n nororiente, ubicada en consolidado condominio ubicado en la mitad del camino entre Puc\u00f3n y Villarrica, en sector Loncrotraro. Propiedad de 160 Mts2 construidos en terreno de 5.000 mts2 con vista a precioso bosque nativo y con orilla de r\u00edo dentro del terreno. La casa cuenta con un iluminando living comedor y cocina integrada equipada con refrigerador de dos puertas y lavavajillas. El living comedor tiene salida hacia una amplia terraza y hermoso jard\u00edn. Cuenta con lavadora\/secadora en exterior (techado). La casa cuenta con 4 dormitorios, principal en suite, con salida a terraza con hot tube, todos los dormitorios tienen closet y cortinas roller, 3 ba\u00f1os completos. Toda la propiedad cuenta con ventanas termopanel, calefacci\u00f3n en living comedor mediante estufa a pellet. Estacionamiento para 3 autos. Factibilidad de internet fibra \u00f3ptica. Condominio de alto est\u00e1ndar con acceso controlado, seguro y rodeado de naturaleza, ideal para vivir durante todo el a\u00f1o y con vecinos estables.<br \/>\nUbicada en sector Loncontraro, a 10 km de Puc\u00f3n, con acceso por Cam. Villarrica \u2013 Puc\u00f3n o alternativa por segunda Faja.<\/p>\n<p><strong><i class=\"fas fa-bed\"><\/i> Dormitorios: 4<\/strong><br \/>\n<strong><i class=\"fas fa-bath\"><\/i> Ba\u00f1os: 3<\/strong><br \/>\n<strong><i class=\"fas fa-chair\"><\/i> Living, comedor, cocina integrada equipada<\/strong><br \/>\n<strong><i class=\"fas fa-mountain\"><\/i>Terraza<\/strong><br \/>\n<strong><i class=\"fas fa-car\"><\/i> Estacionamientos: 3<\/strong><\/p>\n<p>Valor arriendo: $1.300.000<br \/>\nGastos comunes:$160.000 aprox\u00a0 (los GC incluyen el agua de consumo y de riego, retiro de basura 3 veces por semana, reciclaje, corte de pasto, porter\u00eda 24 hrs con guardias y nocheros)<br \/>\nCuentas de luz y gas se pagan aparte<br \/>\nLa casa se arrienda semi amoblada<br \/>\nComisi\u00f3n corretaje equivalente a medio mes de arriendo.<\/p>\n<p>Requisitos para arrendar:<br \/>\nInforme Dicom<br \/>\nAcreditaci\u00f3n de renta<br \/>\n3 \u00faltimas liquidaciones de sueldo<br \/>\n1 Mes de garant\u00eda<\/p>\n","protected":false},"featured_media":1524,"comment_status":"open","ping_status":"closed","template":"","meta":[],"class_list":{"0":"post-1506","1":"product","2":"type-product","3":"status-publish","4":"has-post-thumbnail","6":"product_cat-arriendo-ano-corrido","7":"product_cat-arriendo-mensual","8":"product_cat-casa","10":"entry","11":"has-media","13":"first","14":"outofstock","15":"shipping-taxable","16":"purchasable","17":"product-type-simple","18":"col","19":"span_1_of_4","20":"owp-content-center","21":"owp-thumbs-layout-horizontal","22":"owp-btn-normal","23":"owp-tabs-layout-horizontal"},"_links":{"self":[{"href":"https:\/\/arriendopucon.cl\/index.php?rest_route=\/wp\/v2\/product\/1506","targetHints":{"allow":["GET"]}}],"collection":[{"href":"https:\/\/arriendopucon.cl\/index.php?rest_route=\/wp\/v2\/product"}],"about":[{"href":"https:\/\/arriendopucon.cl\/index.php?rest_route=\/wp\/v2\/types\/product"}],"replies":[{"embeddable":true,"href":"https:\/\/arriendopucon.cl\/index.php?rest_route=%2Fwp%2Fv2%2Fcomments&post=1506"}],"wp:featuredmedia":[{"embeddable":true,"href":"https:\/\/arriendopucon.cl\/index.php?rest_route=\/wp\/v2\/media\/1524"}],"wp:attachment":[{"href":"https:\/\/arriendopucon.cl\/index.php?rest_route=%2Fwp%2Fv2%2Fmedia&parent=1506"}],"curies":[{"name":"wp","href":"https:\/\/api.w.org\/{rel}","templated":true}]}}