{"id":1459,"date":"2023-04-27T23:45:24","date_gmt":"2023-04-27T23:45:24","guid":{"rendered":"https:\/\/arriendopucon.cl\/?post_type=product&#038;p=1459"},"modified":"2023-06-12T15:18:22","modified_gmt":"2023-06-12T15:18:22","slug":"casa-condominio-vistas-de-quelhue-3-dormitorios-3-banos","status":"publish","type":"product","link":"https:\/\/arriendopucon.cl\/?product=casa-condominio-vistas-de-quelhue-3-dormitorios-3-banos","title":{"rendered":"Casa Condominio Vista Quelhue<br><i class=\"fas fa-bed\"><\/i> 3 Dormitorios &nbsp;|&nbsp; <i class=\"fas fa-bath\"><\/i> 3 Ba\u00f1os"},"content":{"rendered":"<p><iframe loading=\"lazy\" style=\"border: 0;\" src=\"https:\/\/www.google.com\/maps\/embed?pb=!1m18!1m12!1m3!1d6177.006482824709!2d-71.94533039664788!3d-39.27683641133965!2m3!1f0!2f0!3f0!3m2!1i1024!2i768!4f13.1!3m3!1m2!1s0x96138112fa3f1981%3A0xef7cc6cec86a4db7!2sCondominio%20Vista%20Quelhue!5e0!3m2!1sen!2scl!4v1682639639374!5m2!1sen!2scl\" width=\"600\" height=\"450\" allowfullscreen=\"allowfullscreen\"><\/iframe><\/p>\n","protected":false},"excerpt":{"rendered":"<p style=\"text-align: justify;\">Hermosa casa disponible por a\u00f1o corrido, amoblada y ubicada en Condominio Vista Quelhue a solo 4 km del centro. La casa cuenta con 150 mts2 construidos, dos pisos y en terreno de 1.000 mts2 con vista al volc\u00e1n. En el primer piso encontramos un amplio espacio com\u00fan con living equipado con Bosca de alta capacidad, adem\u00e1s de 2 aires acondicionados. Un amplio e iluminado comedor junto a una moderna cocina integrada con isla en el centro, lavavajillas y doble lavaplatos, encimera a gas, horno el\u00e9ctrico y campana. La cocina posee acceso a estacionamiento cubierto, ideal para los d\u00edas lluviosos de invierno. Adem\u00e1s, este nivel posee un ba\u00f1o completo con conexi\u00f3n para lavadora y acceso a terraza.<br \/>\nEn el segundo piso encontramos una sala de estar con balc\u00f3n, vista al volc\u00e1n y al jard\u00edn trasero. 3 dormitorios, principal en suite, todos con closet, 2 ba\u00f1os.<br \/>\nEn el exterior encontramos un precioso y cuidado jard\u00edn, piscina con reja de seguridad y barbecue con campana en el sector de terraza. En la parte trasera del jard\u00edn, encontramos una bodega y le\u00f1era de buen tama\u00f1o. La propiedad posee estacionamiento techado para dos autos y todo su per\u00edmetro cercado con tranqueras. Internet fibra \u00f3ptica disponible.<br \/>\nEl Condominio cuenta con acceso controlado y \u00e1reas verdes comunes. Un lugar ideal para vivir durante todo el a\u00f1o con lindas vistas, rodeado de naturaleza, en un lugar seguro y a pocos minutos del centro de Puc\u00f3n.<\/p>\n<p><strong><i class=\"fas fa-bed\"><\/i> Dormitorios: 3<\/strong><br \/>\n<strong><i class=\"fas fa-chair\"><\/i> Living, comedor, cocina integrada equipada<\/strong><br \/>\n<strong><i class=\"fas fa-bath\"><\/i> Ba\u00f1os: 3<\/strong><br \/>\n<strong><i class=\"fas fa-mountain\"><\/i>Terraza<br \/>\n<strong><i class=\"fas fa-store-alt\"><\/i> barbecue<\/strong><br \/>\n<strong><i class=\"fas fa-swimming-pool\"><\/i> Piscina<\/strong><\/strong><\/p>\n<p>Valor arriendo: $1.200.000<br \/>\nCuentas de servicios b\u00e1sicos se pagan aparte<br \/>\nLa casa se arrienda amoblada<br \/>\nComisi\u00f3n corretaje equivalente a medio mes de arriendo.<\/p>\n<p>Requisitos para arrendar<br \/>\nInforme Dicom<br \/>\nAcreditaci\u00f3n de renta<br \/>\n3 \u00faltimas liquidaciones de sueldo<br \/>\n1 Mes de garant\u00eda<\/p>\n","protected":false},"featured_media":1476,"comment_status":"open","ping_status":"closed","template":"","meta":[],"class_list":{"0":"post-1459","1":"product","2":"type-product","3":"status-publish","4":"has-post-thumbnail","6":"product_cat-arriendo-ano-corrido","7":"product_cat-arriendo-mensual","8":"product_cat-casa","10":"entry","11":"has-media","13":"first","14":"outofstock","15":"shipping-taxable","16":"purchasable","17":"product-type-simple","18":"col","19":"span_1_of_4","20":"owp-content-center","21":"owp-thumbs-layout-horizontal","22":"owp-btn-normal","23":"owp-tabs-layout-horizontal"},"_links":{"self":[{"href":"https:\/\/arriendopucon.cl\/index.php?rest_route=\/wp\/v2\/product\/1459","targetHints":{"allow":["GET"]}}],"collection":[{"href":"https:\/\/arriendopucon.cl\/index.php?rest_route=\/wp\/v2\/product"}],"about":[{"href":"https:\/\/arriendopucon.cl\/index.php?rest_route=\/wp\/v2\/types\/product"}],"replies":[{"embeddable":true,"href":"https:\/\/arriendopucon.cl\/index.php?rest_route=%2Fwp%2Fv2%2Fcomments&post=1459"}],"wp:featuredmedia":[{"embeddable":true,"href":"https:\/\/arriendopucon.cl\/index.php?rest_route=\/wp\/v2\/media\/1476"}],"wp:attachment":[{"href":"https:\/\/arriendopucon.cl\/index.php?rest_route=%2Fwp%2Fv2%2Fmedia&parent=1459"}],"curies":[{"name":"wp","href":"https:\/\/api.w.org\/{rel}","templated":true}]}}