{"id":1443,"date":"2023-04-25T22:23:11","date_gmt":"2023-04-25T22:23:11","guid":{"rendered":"https:\/\/arriendopucon.cl\/?post_type=product&#038;p=1443"},"modified":"2024-08-05T20:25:48","modified_gmt":"2024-08-05T20:25:48","slug":"departamento-condominio-costa-pucon-3-dormitorios-2-banos-2","status":"publish","type":"product","link":"https:\/\/arriendopucon.cl\/?product=departamento-condominio-costa-pucon-3-dormitorios-2-banos-2","title":{"rendered":"Departamento Condominio Costa Puc\u00f3n<br><i class=\"fas fa-bed\"><\/i> 3 Dormitorios &nbsp;|&nbsp; <i class=\"fas fa-bath\"><\/i> 2 Ba\u00f1os"},"content":{"rendered":"<p><iframe loading=\"lazy\" style=\"border: 0;\" src=\"https:\/\/www.google.com\/maps\/embed?pb=!1m17!1m12!1m3!1d3088.91483868277!2d-71.97534292472174!3d-39.2674988185116!2m3!1f0!2f0!3f0!3m2!1i1024!2i768!4f13.1!3m2!1m1!2zMznCsDE2JzAzLjAiUyA3McKwNTgnMjIuMCJX!5e0!3m2!1sen!2scl!4v1682461523998!5m2!1sen!2scl\" width=\"600\" height=\"450\" allowfullscreen=\"allowfullscreen\"><\/iframe><\/p>\n","protected":false},"excerpt":{"rendered":"<p style=\"text-align: justify;\">Excelente departamento en condominio Costa Puc\u00f3n a pasos de la playa de Puc\u00f3n y del centro, con hermosa vista al volc\u00e1n.<br \/>\nEl departamento se encuentra en un 2do piso, cuenta con 3 dormitorios, principal en suite, 2do dormitorio con dos camas de 1 plaza y media y 3er dormitorio con camarote, 2 ba\u00f1os, living \u2013 comedor y cocina americana. Terraza con parrilla y vista panor\u00e1mica al volc\u00e1n. TV con cable prepago, 1 estacionamiento y 1 bodega. El condominio cuenta con 2 piscinas, 2 quinchos con sal\u00f3n de eventos, juegos infantiles y acceso directo a playa de Puc\u00f3n. Lugar ideal para disfrutar la vida en el sur con la familia en una excelente ubicaci\u00f3n.<\/p>\n<p><strong><i class=\"fas fa-bed\"><\/i> Dormitorios: 3<\/strong><br \/>\n<strong><i class=\"fas fa-chair\"><\/i> Living, comedor, cocina americana<\/strong><br \/>\n<strong><i class=\"fas fa-bath\"><\/i> Ba\u00f1os: 2<\/strong><br \/>\n<strong><i class=\"fas fa-car\"><\/i> Estacionamientos: 1<\/strong><br \/>\n<strong><i class=\"fas fa-tv\"><\/i> Televisi\u00f3n: TV Cable Prepago<\/strong><br \/>\n<strong><i class=\"fas fa-mountain\"><\/i> Terraza (Parrilla) con vista al Volc\u00e1n<\/strong><br \/>\n<strong><i class=\"fas fa-store-alt\"><\/i> Quinchos: 2 (con Sal\u00f3n de Eventos)<\/strong><br \/>\n<strong><i class=\"fas fa-swimming-pool\"><\/i> Piscinas: 2<\/strong><br \/>\n<strong><i class=\"fas fa-umbrella-beach\"><\/i> Acceso directo a Playa Puc\u00f3n<\/strong><\/p>\n<p>Valor por a\u00f1o corrido: $660.000 (sin gastos comunes)<br \/>\nGasto com\u00fan: $120.000 aprox<br \/>\nConsumo de servicios b\u00e1sicos se paga aparte<br \/>\nEl departamento se arrienda amoblado y equipado<br \/>\nComisi\u00f3n corretaje equivalente a medio mes de arriendo.<\/p>\n<p>Requisitos para arrendar:<br \/>\nMes arriendo + mes de garant\u00eda<br \/>\nCertificado de antecedentes<br \/>\nInforme Dicom<br \/>\nContrato de trabajo<br \/>\n3 \u00faltimas liquidaciones de sueldo<br \/>\nCertificado de cotizaciones<\/p>\n","protected":false},"featured_media":1458,"comment_status":"open","ping_status":"closed","template":"","meta":[],"class_list":{"0":"post-1443","1":"product","2":"type-product","3":"status-publish","4":"has-post-thumbnail","6":"product_cat-arriendo-ano-corrido","7":"product_cat-arriendo-mensual","8":"product_cat-departamento","10":"entry","11":"has-media","13":"first","14":"outofstock","15":"shipping-taxable","16":"purchasable","17":"product-type-simple","18":"col","19":"span_1_of_4","20":"owp-content-center","21":"owp-thumbs-layout-horizontal","22":"owp-btn-normal","23":"owp-tabs-layout-horizontal"},"_links":{"self":[{"href":"https:\/\/arriendopucon.cl\/index.php?rest_route=\/wp\/v2\/product\/1443","targetHints":{"allow":["GET"]}}],"collection":[{"href":"https:\/\/arriendopucon.cl\/index.php?rest_route=\/wp\/v2\/product"}],"about":[{"href":"https:\/\/arriendopucon.cl\/index.php?rest_route=\/wp\/v2\/types\/product"}],"replies":[{"embeddable":true,"href":"https:\/\/arriendopucon.cl\/index.php?rest_route=%2Fwp%2Fv2%2Fcomments&post=1443"}],"wp:featuredmedia":[{"embeddable":true,"href":"https:\/\/arriendopucon.cl\/index.php?rest_route=\/wp\/v2\/media\/1458"}],"wp:attachment":[{"href":"https:\/\/arriendopucon.cl\/index.php?rest_route=%2Fwp%2Fv2%2Fmedia&parent=1443"}],"curies":[{"name":"wp","href":"https:\/\/api.w.org\/{rel}","templated":true}]}}