{"id":1304,"date":"2023-01-22T22:13:58","date_gmt":"2023-01-22T22:13:58","guid":{"rendered":"https:\/\/arriendopucon.cl\/?post_type=product&#038;p=1304"},"modified":"2025-11-07T17:55:41","modified_gmt":"2025-11-07T17:55:41","slug":"casa-condominio-parque-del-lago-4-dormitorios-3-banos","status":"publish","type":"product","link":"https:\/\/arriendopucon.cl\/?product=casa-condominio-parque-del-lago-4-dormitorios-3-banos","title":{"rendered":"Casa Condominio Parque del Lago <br><strong><i class=\"fas fa-bed\"><\/i> 3 Dormitorios<\/strong> &nbsp;|&nbsp; <strong><i class=\"fas fa-bath\"><\/i> 3 Ba\u00f1os<\/strong>"},"content":{"rendered":"<p><iframe loading=\"lazy\" style=\"border: 0;\" src=\"https:\/\/www.google.com\/maps\/embed?pb=!1m18!1m12!1m3!1d12351.289559548544!2d-72.17085867448395!3d-39.292278286414074!2m3!1f0!2f0!3f0!3m2!1i1024!2i768!4f13.1!3m3!1m2!1s0x9614636319b0d74f%3A0xe4dcb745c85636cb!2sCONDOMINIO%20PARQUE%20DEL%20LAGO!5e0!3m2!1ses-419!2scl!4v1674425724939!5m2!1ses-419!2scl\" width=\"600\" height=\"450\" allowfullscreen=\"allowfullscreen\"><\/iframe><\/p>\n","protected":false},"excerpt":{"rendered":"<p style=\"text-align: justify;\">Esta linda y c\u00f3moda casa de 140 mts2 se ubica en el Condominio Parque del Lago, a pocos km de la ciudad de Villarrica.<br \/>\nCuenta con 3 dormitorios adem\u00e1s de salita de tv con cama, 3 ba\u00f1os.<br \/>\nAmplia cocina reci\u00e9n remodelada equipada con lavavajilla, living y comedor con salida a terraza con living y comedor exterior adem\u00e1s de parrilla. Amplio jard\u00edn delantero y trasero. Cuenta con calefacci\u00f3n a le\u00f1a (2 boscas) Wifi, 1 TV en salita (solo smart TV, no tv cable) lavadora en exterior.<br \/>\nEl condominio cuenta con seguridad las 24 hrs, piscina, cancha de tenis, juegos para ni\u00f1os y playa con embarcadero. Propiedad ideal para disfrutar unas ricas vacaciones familiares en el sur!.<\/p>\n<p><strong><i class=\"fas fa-bed\"><\/i> Dormitorios: 3<\/strong><br \/>\n<strong><i class=\"fas fa-chair\"><\/i> Living, comedor, cocina semi integrada<\/strong><br \/>\n<strong><i class=\"fas fa-bath\"><\/i> Ba\u00f1os: 3<\/strong><br \/>\n<strong><i class=\"fas fa-car\"><\/i> Estacionamientos: 3<\/strong><br \/>\n<strong><i class=\"fas fa-tv\"><\/i> Televisi\u00f3n: Wifi\u00a0 y SmartTV disponibles (no tv cable)<\/strong><br \/>\n<strong><i class=\"fas fa-mountain\"><\/i> Terraza con parrilla living y comedor exterior<\/strong><\/p>\n<p>Valor por noche primera quincena enero: $220.000<br \/>\nValor por noche 15 enero al 15 feb: $240.000<br \/>\nValor por noche segunda quincena feb: $220.000<br \/>\n*m\u00ednimo de estad\u00eda 7 noches<\/p>\n<p>Aseo final se paga por separado ($40.000)<br \/>\nComisi\u00f3n corretaje 10% del total de noches arrendadas<\/p>\n<p>HORARIO CHECK IN: 16:00 hrs.<br \/>\nHORARIO CHECK OUT: 12:00 hrs.<\/p>\n<p>OTRAS OBSERVACIONES:<br \/>\n* M\u00e1ximo 9 hu\u00e9spedes<br \/>\n* Arriendo incluye s\u00e1banas y toallas<br \/>\n* NO se aceptan mascotas<\/p>\n","protected":false},"featured_media":1315,"comment_status":"open","ping_status":"closed","template":"","meta":[],"class_list":{"0":"post-1304","1":"product","2":"type-product","3":"status-publish","4":"has-post-thumbnail","6":"product_cat-arriendo-por-dia","7":"product_cat-casa","9":"entry","10":"has-media","12":"first","13":"instock","14":"shipping-taxable","15":"purchasable","16":"product-type-simple","17":"col","18":"span_1_of_4","19":"owp-content-center","20":"owp-thumbs-layout-horizontal","21":"owp-btn-normal","22":"owp-tabs-layout-horizontal"},"_links":{"self":[{"href":"https:\/\/arriendopucon.cl\/index.php?rest_route=\/wp\/v2\/product\/1304","targetHints":{"allow":["GET"]}}],"collection":[{"href":"https:\/\/arriendopucon.cl\/index.php?rest_route=\/wp\/v2\/product"}],"about":[{"href":"https:\/\/arriendopucon.cl\/index.php?rest_route=\/wp\/v2\/types\/product"}],"replies":[{"embeddable":true,"href":"https:\/\/arriendopucon.cl\/index.php?rest_route=%2Fwp%2Fv2%2Fcomments&post=1304"}],"wp:featuredmedia":[{"embeddable":true,"href":"https:\/\/arriendopucon.cl\/index.php?rest_route=\/wp\/v2\/media\/1315"}],"wp:attachment":[{"href":"https:\/\/arriendopucon.cl\/index.php?rest_route=%2Fwp%2Fv2%2Fmedia&parent=1304"}],"curies":[{"name":"wp","href":"https:\/\/api.w.org\/{rel}","templated":true}]}}