{"id":1021,"date":"2022-06-20T21:55:22","date_gmt":"2022-06-20T21:55:22","guid":{"rendered":"https:\/\/arriendopucon.cl\/?post_type=product&#038;p=1021"},"modified":"2024-10-07T14:15:41","modified_gmt":"2024-10-07T14:15:41","slug":"casa-condominio-dona-augusta-4-dormitorios-2-banos","status":"publish","type":"product","link":"https:\/\/arriendopucon.cl\/?product=casa-condominio-dona-augusta-4-dormitorios-2-banos","title":{"rendered":"Casa Condominio Do\u00f1a Augusta<br><i class=\"fas fa-bed\"><\/i> 4 Dormitorios &nbsp;|&nbsp; <i class=\"fas fa-bath\"><\/i> 2 Ba\u00f1os"},"content":{"rendered":"<p><iframe loading=\"lazy\" style=\"border: 0;\" src=\"https:\/\/www.google.com\/maps\/embed?pb=!1m18!1m12!1m3!1d3088.0856477719517!2d-71.99499057540665!3d-39.286308137991426!2m3!1f0!2f0!3f0!3m2!1i1024!2i768!4f13.1!3m3!1m2!1s0x0%3A0x424154cabffe8259!2zMznCsDE3JzEwLjciUyA3McKwNTknMzYuNiJX!5e0!3m2!1sen!2scl!4v1655762349999!5m2!1sen!2scl\" width=\"600\" height=\"450\" allowfullscreen=\"allowfullscreen\"><\/iframe><\/p>\n","protected":false},"excerpt":{"rendered":"<p style=\"text-align: justify;\">Acogedora casa familiar ubicada en el Condominio Do\u00f1a Augusta, sector Hotel Antumalal, a solo 1,5 km del acceso a Puc\u00f3n. La casa cuenta con 4 dormitorios, 1 en suite y 2 ba\u00f1os. En el primer piso encontramos cocina semi integrada, comedor de diario, living con acceso a amplia terraza, 2 dormitorios con camarote y 1 ba\u00f1o. En el segundo piso se encuentran el dormitorio principal en suite, otro dormitorio con cama de 2 plazas y una peque\u00f1a salita con una cama nido.<br \/>\nLa casa cuenta con lavadora, parrilla, televisi\u00f3n con Directv, calefacci\u00f3n a le\u00f1a y est\u00e1 completamente equipada para 8 personas.<br \/>\nEl condominio cuenta con cancha de tenis, piscina, estacionamientos de visita y acceso controlado las 24 hrs.<\/p>\n<p><strong><i class=\"fas fa-bed\"><\/i> Dormitorios: 4<\/strong><br \/>\n<strong><i class=\"fas fa-chair\"><\/i> Living, comedor, cocina semi integrada<\/strong><br \/>\n<strong><i class=\"fas fa-bath\"><\/i> Ba\u00f1os: 2<\/strong><br \/>\n<strong><i class=\"fas fa-mountain\"><\/i> Amplia terraza con parrilla<\/strong><br \/>\n<strong><i class=\"fas fa-swimming-pool\"><\/i> Piscina y cancha de tenis<\/strong><\/p>\n<p>VALORES POR NOCHE: $160.000<br \/>\n*m\u00ednimo de estad\u00eda 6 noches<\/p>\n<p>Aseo final y lavander\u00eda se paga por separado ($70.000)<\/p>\n<p>Comisi\u00f3n corretaje 10% del total de noches arrendadas<\/p>\n<p>HORARIO CHECK IN: 14:00 hrs.<br \/>\nHORARIO CHECK OUT: 12:00 hrs.<\/p>\n<p>OTRAS OBSERVACIONES:<br \/>\n* M\u00e1ximo 8 hu\u00e9spedes<br \/>\n* Arriendo incluye s\u00e1banas y toallas, lavander\u00eda se paga aparte<br \/>\n* NO se aceptan mascotas<\/p>\n","protected":false},"featured_media":1032,"comment_status":"open","ping_status":"closed","template":"","meta":[],"class_list":{"0":"post-1021","1":"product","2":"type-product","3":"status-publish","4":"has-post-thumbnail","6":"product_cat-arriendo-por-dia","7":"product_cat-arriendo-temporada","8":"product_cat-casa","10":"entry","11":"has-media","13":"first","14":"instock","15":"shipping-taxable","16":"purchasable","17":"product-type-simple","18":"col","19":"span_1_of_4","20":"owp-content-center","21":"owp-thumbs-layout-horizontal","22":"owp-btn-normal","23":"owp-tabs-layout-horizontal"},"_links":{"self":[{"href":"https:\/\/arriendopucon.cl\/index.php?rest_route=\/wp\/v2\/product\/1021","targetHints":{"allow":["GET"]}}],"collection":[{"href":"https:\/\/arriendopucon.cl\/index.php?rest_route=\/wp\/v2\/product"}],"about":[{"href":"https:\/\/arriendopucon.cl\/index.php?rest_route=\/wp\/v2\/types\/product"}],"replies":[{"embeddable":true,"href":"https:\/\/arriendopucon.cl\/index.php?rest_route=%2Fwp%2Fv2%2Fcomments&post=1021"}],"wp:featuredmedia":[{"embeddable":true,"href":"https:\/\/arriendopucon.cl\/index.php?rest_route=\/wp\/v2\/media\/1032"}],"wp:attachment":[{"href":"https:\/\/arriendopucon.cl\/index.php?rest_route=%2Fwp%2Fv2%2Fmedia&parent=1021"}],"curies":[{"name":"wp","href":"https:\/\/api.w.org\/{rel}","templated":true}]}}